. What is y(30)?
-28
Let c(d) = 28*d**3 - 3*d**2 + 75*d + 251. Calculate c(-3).
-757
Let q(m) = -2*m**2 - 48*m + 1226. Give q(-27).
1064
Let c(l) = 5*l**2 - 175*l - 136. Determine c(37).
234
Let c(m) = -6*m**3 - 135*m**2 - 441*m - 99. Give c(-3).
171
Let l(k) = -11233*k - 145998. What is l(-13)?
31
Let w(n) = -14663*n + 190261. Determine w(13).
-358
Let c(s) = 4*s**2 - 396*s + 4147. Give c(87).
-29
Let h(p) = 2*p**2 - 10152*p - 101552. Calculate h(-10).
168
Let o(l) = 5*l**2 - 24*l - 722. Determine o(14).
-78
Let u(j) = 5152*j - 51474. Give u(10).
46
Let v(j) = -13846*j + 387684. Give v(28).
-4
Let z(b) = -11*b**2 - 46*b - 37. Determine z(-4).
-29
Let a(l) = l**3 - 61*l**2 + 620*l - 37827. Determine a(61).
-7
Let s(a) = -1025*a + 40050. What is s(39)?
75
Let a(k) = -72*k - 219. Determine a(2).
-363
Let k(v) = -6*v**2 - 222*v + 1333. Calculate k(-45).
-827
Let g(r) = -64*r**2 + 897*r. What is g(14)?
14
Let t(v) = -3*v**3 + 39*v**2 + 16*v - 23. Determine t(-1).
3
Let t(k) = 1902*k + 36235. Calculate t(-18).
1999
Let s(v) = 27*v**2 - 1124*v + 379. What is s(42)?
799
Let i(r) = -4*r**2 + 219*r + 2606. What is i(-10)?
16
Let v(z) = -1197268*z - 8380902. Calculate v(-7).
-26
Let w(u) = -46*u**3 - 322*u**2 - 4. Give w(-7).
-4
Let v(q) = 41*q**3 - 637*q**2 + 2451*q - 15. Calculate v(7).
-8
Let t(k) = -k**3 + 44*k**2 + 162*k - 4510. What is t(46)?
-1290
Let j(x) = 45513*x + 3367991. Give j(-74).
29
Let b(r) = -r**3 + 414*r**2 - 7507*r + 45. What is b(19)?
7
Let b(i) = 38*i**3 - 12*i**2 + 18*i + 34. Determine b(0).
34
Let n(c) = 8847*c - 17755928. What is n(2007)?
1
Let q(u) = u**3 - 107*u**2 - 110*u + 1. Calculate q(0).
1
Let q(m) = m**2 + 9984*m - 119939. Calculate q(12).
13
Let z(x) = -11113*x + 300042. Determine z(27).
-9
Let z(a) = -2*a**3 + 54*a**2 + 31*a - 156. What is z(28)?
-856
Let r(b) = 51*b**2 + 784*b - 5448. What is r(7)?
2539
Let r(f) = 3*f**2 - 6062*f + 1295922. Give r(243).
3
Let v(j) = -1850*j + 5488. What is v(3)?
-62
Let x(m) = -2*m**3 + 35*m**2 - 6*m - 241. Determine x(19).
-1438
Let q(d) = -49*d**2 + 1248*d - 1770. Give q(24).
-42
Let o(b) = -331*b**2 + 12730*b + 7003. Determine o(39).
22
Let p(f) = -1251*f + 5581. Give p(4).
577
Let w(i) = -i**2 - 8961*i - 71604. What is w(-8)?
20
Let f(o) = 2412556*o + 14475331. Give f(-6).
-5
Let u(a) = 19*a**2 + 855*a + 6690. What is u(-10)?
40
Let r(i) = -617*i + 12380. What is r(17)?
1891
Let r(b) = -56*b**2 + 16*b - 393. Determine r(0).
-393
Let z(x) = 5*x**3 + 90*x**2 + 39*x + 697. What is z(-18)?
-5
Let c(h) = -h**3 + 108*h**2 - 597*h + 413. What is c(5)?
3
Let d(r) = 76*r**2 - 1054*r + 5. Give d(15).
1295
Let k(h) = 5*h**2 - 1874*h + 97655. What is k(63)?
-562
Let j(i) = 133*i + 7360. What is j(-56)?
-88
Let h(g) = 20*g**2 + 1113*g + 6597. Determine h(-6).
639
Let n(g) = 495*g**2 + 319*g - 822. Calculate n(2).
1796
Let b(u) = -3*u**3 - 4*u**2 + 782*u - 2289. What is b(3)?
-60
Let w(d) = -d**3 + 140*d**2 + 1067*d - 5549. Give w(147).
37
Let q(g) = -233*g - 51531. Give q(-219).
-504
Let o(v) = -28*v**2 + 358*v - 241. Determine o(10).
539
Let w(j) = 2291*j + 11686. What is w(-5)?
231
Let a(g) = g**3 + 1307*g**2 - 3839*g + 119207. Calculate a(-1310).
-3
Let h(w) = 2241*w - 42603. What is h(19)?
-24
Let s(y) = 5279*y - 279691. Give s(53).
96
Let u(p) = 16080*p + 96429. Determine u(-6).
-51
Let n(m) = 108*m**2 - 84777*m - 2263. Give n(785).
92
Let x(h) = 236*h**3 - 236*h**2 - 131*h + 131. Calculate x(1).
0
Let k(o) = -249*o - 2149. Give k(-9).
92
Let b(o) = -o**3 + 35*o**2 + 666*o + 399. Determine b(49).
-581
Let g(o) = -5*o**3 - 246*o**2 - 77*o - 340. Calculate g(-49).
1032
Let n(j) = -75*j + 4718. What is n(68)?
-382
Let b(c) = -c**3 - 66*c**2 - 448*c - 28. Calculate b(-58).
-956
Let t(g) = -g**2 + 419*g + 62691. Calculate t(-117).
-21
Let b(j) = j**2 - 1591*j + 12639. Calculate b(8).
-25
Let i(x) = x**2 + 835*x - 47945. What is i(54)?
61
Let l(j) = -3*j**3 + 32*j**2 + 922*j - 9411. What is l(10)?
9
Let p(i) = 3*i**3 - 250*i**2 - 157*i - 877. Give p(84).
47
Let p(k) = 146*k**2 - 1319*k - 29. What is p(9)?
-74
Let o(r) = 2*r**2 + 78*r - 1036. Determine o(16).
724
Let f(o) = -15185*o - 273541. Give f(-18).
-211
Let d(k) = -7*k**2 - 2404*k - 7154. Give d(-3).
-5
Let o(w) = 204*w + 1408. Determine o(-7).
-20
Let f(u) = -2*u**3 + 16*u**2 + 10*u + 87. Calculate f(13).
-1473
Let c(q) = 4179*q + 6852. Determine c(-2).
-1506
Let z(i) = -2515*i - 8125. What is z(-3)?
-580
Let w(f) = 31283*f + 6194036. Give w(-198).
2
Let n(c) = 2*c**3 - 31*c**2 - 53*c + 296. Determine n(17).
262
Let v(u) = u**2 + 193*u + 4707. What is v(-164)?
-49
Let k(s) = -180*s**3 - 6*s**2 - 2*s + 2. Give k(1).
-186
Let c(g) = -20*g**2 - 12218*g + 48875. Give c(4).
-317
Let w(r) = r**3 - 155*r**2 + 4882*r + 238. Determine w(111).
16
Let l(a) = -275*a - 1120. Give l(-5).
255
Let o(l) = 153*l**2 - 7810*l - 7594. Determine o(52).
-2
Let d(x) = 8*x**2 + 2215*x + 10901. Determine d(-5).
26
Let s(a) = -18148*a - 181481. Calculate s(-10).
-1
Let g(l) = 7*l**3 + 7495*l**2 - 2103*l + 41766. What is g(-1071)?
-3
Let o(w) = 194005*w + 18236468. Give o(-94).
-2
Let y(j) = -24*j - 504. Give y(5).
-624
Let f(p) = 869*p + 7030. Give f(-8).
78
Let h(a) = 4*a**3 - 3081*a**2 + 2307*a - 1183486. Calculate h(770).
4
Let u(t) = 29*t**2 + 3019*t + 38971. Give u(-89).
-11
Let n(d) = 2*d**2 + 2075*d + 99690. Give n(-987).
3
Let k(w) = w**2 + 9418*w - 1688550. What is k(176)?
-6
Let u(j) = 21634*j + 86556. What is u(-4)?
20
Let c(z) = 3*z**3 - 48*z**2 - 5*z - 14. Give c(17).
768
Let w(b) = 58*b**2 - 43965*b - 176018. Calculate w(762).
4
Let l(a) = -a**2 - 13602*a - 5062896. What is l(-383)?
-19
Let d(f) = 814*f + 3157. What is d(-4)?
-99
Let h(p) = -5*p**2 + 2669*p + 24341. Give h(-9).
-85
Let i(u) = 3*u**2 + 169*u - 16758. Determine i(-108).
-18
Let l(x) = 4879*x - 1746626. What is l(358)?
56
Let s(f) = -44866*f - 987064. Give s(-22).
-12
Let j(b) = -b**3 + 483*b**2 + 1446*b + 5796. Determine j(486).
-36
Let p(s) = -8*s**3 + 63*s**2 - 105*s + 15. Determine p(7).
-377
Let p(c) = -5*c**2 - 1290*c + 9608. Determine p(-265).
333
Let p(m) = 3*m**3 + 218*m**2 + 1594*m + 342. Determine p(-8).
6
Let h(j) = -4*j**3 - 4*j**2 + 53*j + 94. What is h(0)?
94
Let b(i) = 34*i**2 - 887*i + 2376. Determine b(3).
21
Let i(g) = 4*g**2 + 47*g - 2116. Calculate i(18).
26
Let t(z) = 45*z**2 - 3636*z - 728. Determine t(81).
1
Let h(z) = -1009*z - 5044. What is h(-5)?
1
Let y(r) = 644*r - 12842. Determine y(20).
38
Let l(u) = 2794*u - 86876. Give l(31).
-262
Let j(n) = -14*n**2 + 79*n - 443. What is j(6)?
-473
Let d(s) = 19*s**2 - 436*s - 5444. Calculate d(-9).
19
Let r(p) = -10789*p - 64321. Give r(-6).
413
Let g(s) = 2350*s - 467633. Calculate g(199).
17
Let a(o) = 82*o + 4055. What is a(-59)?
-783
Let j(s) = -5*s**2 + 22*s - 47. What is j(14)?
-719
Let p(j) = -3*j**3 + 80*j**2 + 79*j + 36. What is p(28)?
-888
Let r(j) = j**3 + 166*j**2 - 7053*j - 3610. Give r(-201).
8
Let l(u) = 2964*u - 7910. What is l(3)?
982
Let s(g) = 10*g**2 + 477*g + 4214. What is s(-36)?
2
Let k(o) = 17*o**3 + 6445*o**2 + 754*o - 1600. Give k(-379).
-84
Let f(p) = -4*p**3 + p**2 - 284*p - 1843. Calculate f(-6).
761
Let j(c) = -c**3 - 77*c**2 + 921*c - 4131. Determine j(-88).
5
Let v(g) = g**2 + 6297*g + 293725. Determine v(-47).
-25
Let p(z) = -z**3 - 16*z**2 - 64*z + 64. Calculate p(-10).
104
Let l(h) = -2021*h - 1338251. Give l(-662).
-349
Let j(i) = i**2 + 853015*i + 4265054. Calculate j(-5).
4
Let v(h) = -h**3 - 41*h**2 + 2707*h + 109878. What is v(-40)?
-2
Let t(k) = k**3 + 133*k**2 - 183*k - 6697. What is t(-134)?
-131
Let o(m) = 8295*m + 24528. Determine o(-3).
-357
Let s(q) = -16*q**3 + 45*q**2 + 41*q + 7. Determine s(3).
103
Let n(p) = -250*p**3 - 2449*p - 2448. Give n(-1).
251
Let c(q) = -2*q**2 - 317*q + 26015. Give c(59).
350
Let h(p) = p**3 + 37*p**2 - 10*p - 138. What is h(-2)?
22
Let t(c) = -c**2 - 654*c - 20181. Determine t(-31).
-868
Let t(p) = p**3 + 40*p**2 + 197*p + 263. What is t(-34)?
501
Let g(v) = 5936*v - 2694925. Determine g(454).
19
Let t(w) = 24103*w**2 - 144613*w - 33. What is t(6)?
-3
Let k(j) = -3*j**2 - 919*j - 5391. Determine k(-6).
15
Let h(c) = 1026*c - 86208. Calculate h(84).
-24
Let v(f) = 3257*f + 377794. Give v(-116).
-18
Let y(o) = 4191*o**2 - 58677*o + 37. D